{"id":13914,"date":"2022-02-01T20:29:03","date_gmt":"2022-02-01T19:29:03","guid":{"rendered":"https:\/\/luxma.be\/?post_type=product&#038;p=13914"},"modified":"2026-03-16T14:23:19","modified_gmt":"2026-03-16T13:23:19","slug":"deurkruk-melina-zwart-23e-enkel-klink","status":"publish","type":"product","link":"https:\/\/luxma.be\/fr\/producten\/deurkruk-melina-zwart-23e-enkel-klink\/","title":{"rendered":"MELINA NOIR"},"content":{"rendered":"<p>Melina est plus qu&#039;une poign\u00e9e.<\/p>\n<p>C&#039;est l&#039;\u00e9volution d&#039;un design pratique con\u00e7u pour \u00eatre confortable et s&#039;int\u00e9grer parfaitement \u00e0 la porte sur laquelle il se trouve.<\/p>\n<p>Le designer ne s&#039;est jamais repos\u00e9 tant qu&#039;il n&#039;a pas atteint l&#039;\u00e9quilibre ultime entre \u00e9l\u00e9gance et simplicit\u00e9.<\/p>\n<p>La Melina est \u00e9galement disponible en version arrondie (Adria)<\/p>\n<p>Il est sp\u00e9cialement con\u00e7u pour\u00a0<strong>cadres de porte \u00e9troits<\/strong> te passen.<\/p>\n<p>De rosas is eventueel apart te bestellen.<\/p>\n<p>&nbsp;<\/p>","protected":false},"excerpt":{"rendered":"<p>Melina is meer dan alleen een handvat. Het is de evolutie van een praktisch ontwerp dat is gemaakt om comfortabel te zijn en perfect op te gaan in elke deur waarop het zich bevindt. De ontwerper rustte nooit totdat ze de ultieme balans tussen elegantie en eenvoud hadden bereikt. De Melina is ook beschikbaar in [&hellip;]<\/p>\n","protected":false},"featured_media":15761,"template":"","meta":{"_acf_changed":false},"axe":[],"kastbreedte":[],"entree":[],"hoek":[],"houtsoort":[],"kleur":[943],"kastlengte":[],"productlijn":[6009],"sloten":[],"vl_pl_hoogte_a":[],"product_brand":[],"product_cat":[904,867],"product_tag":[],"class_list":{"0":"post-13914","1":"product","2":"type-product","3":"status-publish","4":"has-post-thumbnail","6":"kleur-zwart","7":"productlijn-orooro","8":"product_cat-klinken","9":"product_cat-deurbeslag","10":"pa_beschrijving-deurkruk-melina-zwart-23e-enkel-klink","11":"pa_beschrijving-deurkruk-melina-zwart-23e-rosas-wc","12":"pa_beschrijving-deurkruk-melina-zwart-23e-rosas-cilinder","13":"pa_beschrijving-deurkruk-melina-zwart-23e-rosas-sleutel","15":"first","16":"instock","17":"purchasable","18":"product-type-variable"},"acf":[],"_links":{"self":[{"href":"https:\/\/luxma.be\/fr\/wp-json\/wp\/v2\/product\/13914","targetHints":{"allow":["GET"]}}],"collection":[{"href":"https:\/\/luxma.be\/fr\/wp-json\/wp\/v2\/product"}],"about":[{"href":"https:\/\/luxma.be\/fr\/wp-json\/wp\/v2\/types\/product"}],"wp:featuredmedia":[{"embeddable":true,"href":"https:\/\/luxma.be\/fr\/wp-json\/wp\/v2\/media\/15761"}],"wp:attachment":[{"href":"https:\/\/luxma.be\/fr\/wp-json\/wp\/v2\/media?parent=13914"}],"wp:term":[{"taxonomy":"axe","embeddable":true,"href":"https:\/\/luxma.be\/fr\/wp-json\/wp\/v2\/axe?post=13914"},{"taxonomy":"kastbreedte","embeddable":true,"href":"https:\/\/luxma.be\/fr\/wp-json\/wp\/v2\/kastbreedte?post=13914"},{"taxonomy":"entree","embeddable":true,"href":"https:\/\/luxma.be\/fr\/wp-json\/wp\/v2\/entree?post=13914"},{"taxonomy":"hoek","embeddable":true,"href":"https:\/\/luxma.be\/fr\/wp-json\/wp\/v2\/hoek?post=13914"},{"taxonomy":"houtsoort","embeddable":true,"href":"https:\/\/luxma.be\/fr\/wp-json\/wp\/v2\/houtsoort?post=13914"},{"taxonomy":"kleur","embeddable":true,"href":"https:\/\/luxma.be\/fr\/wp-json\/wp\/v2\/kleur?post=13914"},{"taxonomy":"kastlengte","embeddable":true,"href":"https:\/\/luxma.be\/fr\/wp-json\/wp\/v2\/kastlengte?post=13914"},{"taxonomy":"productlijn","embeddable":true,"href":"https:\/\/luxma.be\/fr\/wp-json\/wp\/v2\/productlijn?post=13914"},{"taxonomy":"sloten","embeddable":true,"href":"https:\/\/luxma.be\/fr\/wp-json\/wp\/v2\/sloten?post=13914"},{"taxonomy":"vl_pl_hoogte_a","embeddable":true,"href":"https:\/\/luxma.be\/fr\/wp-json\/wp\/v2\/vl_pl_hoogte_a?post=13914"},{"taxonomy":"product_brand","embeddable":true,"href":"https:\/\/luxma.be\/fr\/wp-json\/wp\/v2\/product_brand?post=13914"},{"taxonomy":"product_cat","embeddable":true,"href":"https:\/\/luxma.be\/fr\/wp-json\/wp\/v2\/product_cat?post=13914"},{"taxonomy":"product_tag","embeddable":true,"href":"https:\/\/luxma.be\/fr\/wp-json\/wp\/v2\/product_tag?post=13914"}],"curies":[{"name":"wp","href":"https:\/\/api.w.org\/{rel}","templated":true}]}}

<p>Melina est plus qu&#039;une poignée.</p>
<p>C&#039;est l&#039;évolution d&#039;un design pratique conçu pour être confortable et s&#039;intégrer parfaitement à la porte sur laquelle il se trouve.</p>
<p>Le designer ne s&#039;est jamais reposé tant qu&#039;il n&#039;a pas atteint l&#039;équilibre ultime entre élégance et simplicité.</p>
<p>La Melina est également disponible en version arrondie (Adria)</p>
<p>Il est spécialement conçu pour <strong>cadres de porte étroits</strong> te passen.</p>
<p>De rosas is eventueel apart te bestellen.</p>
<p>&nbsp;</p>
